5216?
6
What is the tens digit of 30944?
4
What is the hundreds digit of 599?
5
What is the tens digit of 59386?
8
What is the hundreds digit of 34394?
3
What is the hundreds digit of 1819?
8
What is the thousands digit of 1049?
1
What is the units digit of 13098?
8
What is the tens digit of 1988?
8
What is the ten thousands digit of 15943?
1
What is the ten thousands digit of 12067?
1
What is the tens digit of 227?
2
What is the tens digit of 26184?
8
What is the tens digit of 3658?
5
What is the tens digit of 20412?
1
What is the tens digit of 1418?
1
What is the units digit of 700?
0
What is the thousands digit of 12822?
2
What is the units digit of 1333?
3
What is the ten thousands digit of 71840?
7
What is the units digit of 975?
5
What is the ten thousands digit of 28995?
2
What is the units digit of 2433?
3
What is the tens digit of 93383?
8
What is the tens digit of 26326?
2
What is the units digit of 44471?
1
What is the units digit of 27385?
5
What is the tens digit of 1025?
2
What is the hundreds digit of 1046?
0
What is the units digit of 1807?
7
What is the units digit of 563?
3
What is the units digit of 2787?
7
What is the thousands digit of 7978?
7
What is the thousands digit of 7929?
7
What is the hundreds digit of 1246?
2
What is the ten thousands digit of 43341?
4
What is the tens digit of 89332?
3
What is the tens digit of 15626?
2
What is the units digit of 4715?
5
What is the tens digit of 16571?
7
What is the hundreds digit of 616?
6
What is the tens digit of 64708?
0
What is the units digit of 9846?
6
What is the hundreds digit of 10062?
0
What is the units digit of 3206?
6
What is the units digit of 2762?
2
What is the units digit of 4269?
9
What is the units digit of 55?
5
What is the thousands digit of 2682?
2
What is the thousands digit of 1038?
1
What is the units digit of 56696?
6
What is the tens digit of 58040?
4
What is the units digit of 5055?
5
What is the hundreds digit of 65415?
4
What is the hundreds digit of 1045?
0
What is the thousands digit of 8287?
8
What is the units digit of 4717?
7
What is the thousands digit of 4308?
4
What is the tens digit of 6042?
4
What is the hundreds digit of 6323?
3
What is the tens digit of 8347?
4
What is the thousands digit of 10693?
0
What is the units digit of 1041?
1
What is the units digit of 3052?
2
What is the tens digit of 5428?
2
What is the ten thousands digit of 19943?
1
What is the units digit of 2088?
8
What is the units digit of 1752?
2
What is the thousands digit of 6319?
6
What is the tens digit of 56448?
4
What is the hundreds digit of 101919?
9
What is the tens digit of 10164?
6
What is the units digit of 132?
2
What is the tens digit of 614?
1
What is the tens digit of 1645?
4
What is the units digit of 30459?
9
What is the thousands digit of 2807?
2
What is the hundreds digit of 5993?
9
What is the thousands digit of 3396?
3
What is the thousands digit of 4428?
4
What is the units digit of 1196?
6
What is the ten thousands digit of 11196?
1
What is the tens digit of 9213?
1
What is the units digit of 1243?
3
What is the hundreds digit of 10770?
7
What is the hundreds digit of 31450?
4
What is the tens digit of 54224?
2
What is the tens digit of 596?
9
What is the thousands digit of 2004?
2
What is the hundreds digit of 111?
1
What is the units digit of 109?
9
What is the thousands digit of 1291?
1
What is the units digit of 80678?
8
What is the hundreds digit of 12798?
7
What is the hundreds digit of 4916?
9
What is the hundreds digit of 58471?
4
What is the units digit of 1363?
3
What is the hundreds digit of 12125?
1
What is the ten thousands digit of 16501?
1
What is the tens digit of 977?
7
What is the units digit of 122081?
1
What is the hundreds digit of 1367?
3
What is the units digit of 1103?
3
What is the thousands digit of 2358?
2
What is the hundred thousands digit of 119663?
1
What is the tens digit of 1325?
2
What is the units digit of 26845?
5
What is the hundreds digit of 679?
6
What is the hundreds digit of 7745?
7
What is the hundreds digit of 539?
5
What is the thousands digit of 15330?
5
What is the units digit of 1117?
7
What is the tens digit of 7572?
7
What is the tens digit of 74434?
3
What is the hundreds digit of 9085?
0
What is the tens digit of 5280?
8
What is the ten thousands digit of 77917?
7
What is the tens digit of 2099?
9
What is the units digit of 1510?
0
What is the units digit of 521?
1
What is the units digit of 407?
7
What is the units digit of 931?
1
What is the units digit of 93?
3
What is the units digit of 43425?
5
What is the hundreds digit of 21320?
3
What is the hundreds digit of 30144?
1
What is the units digit of 5165?
5
What is the units digit of 638?
8
What is the tens digit of 3124?
2
What is the units digit of 608?
8
What is the hundreds digit of 48961?
9
What is the hundreds digit of 490?
4
What is the hundreds digit of 10047?
0
What is the tens digit of 129?
2
What is the ten thousands digit of 113888?
1
What is the units digit of 2972?
2
What is the units digit of 118685?
5
What is the thousands digit of 74707?
4
What is the ten thousands digit of 29131?
2
What is the thousands digit of 53926?
3
What is the tens digit of 14870?
7
What is the tens digit of 14?
1
What is the hundreds digit of 11327?
3
What is the thousands digit of 21674?
1
What is the units digit of 821?
1
What is the thousands digit of 5546?
5
What is the hundreds digit of 34220?
2
What is the units digit of 41176?
6
What is the thousands digit of 53062?
3
What is the hundred thousands digit of 136346?
1
What is the tens digit of 335?
3
What is the tens digit of 9366?
6
What is the thousands digit of 2588?
2
What is the units digit of 593?
3
What is the thousands digit of 121692?
1
What is the ten thousands digit of 63726?
6
What is the thousands digit of 63889?
3
What is the hundreds digit of 245?
2
What is the tens digit of 8919?
1
What is the tens digit of 107335?
3
What is the hundreds digit of 54869?
8
What is the ten thousands digit of 11184?
1
What is the thousands digit of 2022?
2
What is the units digit of 1375?
5
What is the thousands digit of 3912?
3
What is the thousands digit of 26669?
6
What is the units digit of 7015?
5
What is the units digit of 3474?
4
What is the thousands digit of 1567?
1
What is the tens digit of 847?
4
What is the thousands digit of 29938?
9
What is the units digit of 127762?
2
What is the units digit of 1835?
5
What is the tens digit of 1550?
5
What is the tens digit of 2533?
3
What is the thousands digit of 10144?
0
What is the ten thousands digit of 124820?
2
What is the tens digit of 449?
4
What is the thousands digit of 9472?
9
What is the units digit of 14870?
0
What is the thousands digit of 2649?
2
What is the hundreds digit of 10695?
6
What is the thousands digit of 72318?
2
What is the tens digit of 5473?
7
What is the thousands digit of 17521?
7
What is the thousands digit of 3643?
3
What is the thousands digit of 95280?
5
What is the ten thousands digit of 22846?
2
What is the units digit of 31?
1
What is the ten thousands digit of 34845?
3
What is the thousands digit of 30609?
0
What is the tens digit of 7143?
4
What is the tens digit of 4633?
3
What is the ten thousands digit of 20942?
2
What is the units digit of 19544?
4
What is the hundreds digit of 310?
3
What is the tens digit of 5056?
5
What is the units digit of 471?
1
What is the hundreds digit of 147993?
9
What is the units digit of 3100?
0
What is the thousands digit of 99588?
9
What is the ten thousands digit of 11024?
1
What is the hundreds digit of 76676?
6
What is the tens digit of 674?
7
What is the hundreds digit of 1342?
3
What is the tens digit of 201?
0
What is the ten thousands digit of 40809?
4
What is the tens digit of 85571?
7
What is the hundreds digit of 759?
7
What is the units digit of 1895?
5
What is the tens digit of 28939?
3
What is the units digit of 124390?
0
What is the units digit of 14802?
2
What is the tens digit of 1027?
2
What is the units digit of 1024?
4
What is the tens digit of 60681?
8
What is the thousands digit of 12269?
2
What is the units digit of 4563?
3
What is the hundreds digit of 3108?
1
What is the hundreds digit of 86490?
4
What is the ten thousands digit of 23808?
2
What 